r when 699 is divided by 214?
57
What is the remainder when 753 is divided by 128?
113
Calculate the remainder when 120 is divided by 61.
59
Calculate the remainder when 1137 is divided by 36.
21
Calculate the remainder when 69 is divided by 41.
28
Calculate the remainder when 117 is divided by 58.
1
Calculate the remainder when 341 is divided by 186.
155
What is the remainder when 383 is divided by 9?
5
What is the remainder when 125 is divided by 18?
17
What is the remainder when 116 is divided by 46?
24
Calculate the remainder when 2628 is divided by 523.
13
Calculate the remainder when 167 is divided by 129.
38
What is the remainder when 140 is divided by 39?
23
Calculate the remainder when 743 is divided by 201.
140
What is the remainder when 1423 is divided by 51?
46
What is the remainder when 2762 is divided by 132?
122
What is the remainder when 2088 is divided by 23?
18
What is the remainder when 1450 is divided by 242?
240
Calculate the remainder when 295 is divided by 38.
29
What is the remainder when 2598 is divided by 1293?
12
What is the remainder when 916 is divided by 51?
49
Calculate the remainder when 850 is divided by 67.
46
What is the remainder when 244 is divided by 39?
10
Calculate the remainder when 466 is divided by 79.
71
What is the remainder when 183 is divided by 33?
18
Calculate the remainder when 3957 is divided by 1319.
0
What is the remainder when 835 is divided by 19?
18
Calculate the remainder when 77 is divided by 4.
1
Calculate the remainder when 1234 is divided by 29.
16
What is the remainder when 161 is divided by 9?
8
Calculate the remainder when 99 is divided by 54.
45
Calculate the remainder when 406 is divided by 11.
10
What is the remainder when 34 is divided by 7?
6
Calculate the remainder when 603 is divided by 527.
76
What is the remainder when 1735 is divided by 79?
76
Calculate the remainder when 211 is divided by 2.
1
Calculate the remainder when 136 is divided by 20.
16
Calculate the remainder when 3268 is divided by 18.
10
Calculate the remainder when 65 is divided by 21.
2
What is the remainder when 362 is divided by 5?
2
Calculate the remainder when 416 is divided by 12.
8
What is the remainder when 76 is divided by 25?
1
Calculate the remainder when 444 is divided by 142.
18
What is the remainder when 101 is divided by 12?
5
What is the remainder when 148 is divided by 47?
7
Calculate the remainder when 562 is divided by 145.
127
Calculate the remainder when 320 is divided by 81.
77
Calculate the remainder when 463 is divided by 135.
58
Calculate the remainder when 1767 is divided by 10.
7
What is the remainder when 138 is divided by 40?
18
Calculate the remainder when 39 is divided by 31.
8
What is the remainder when 2592 is divided by 642?
24
Calculate the remainder when 196 is divided by 7.
0
Calculate the remainder when 201 is divided by 71.
59
What is the remainder when 411 is divided by 60?
51
Calculate the remainder when 130 is divided by 48.
34
What is the remainder when 275 is divided by 14?
9
What is the remainder when 3162 is divided by 122?
112
What is the remainder when 1741 is divided by 1736?
5
What is the remainder when 1976 is divided by 285?
266
What is the remainder when 329 is divided by 288?
41
Calculate the remainder when 578 is divided by 58.
56
What is the remainder when 1948 is divided by 12?
4
Calculate the remainder when 114 is divided by 80.
34
What is the remainder when 6928 is divided by 22?
20
What is the remainder when 1871 is divided by 18?
17
What is the remainder when 159 is divided by 123?
36
What is the remainder when 533 is divided by 107?
105
What is the remainder when 980 is divided by 347?
286
Calculate the remainder when 6196 is divided by 34.
8
Calculate the remainder when 477 is divided by 32.
29
Calculate the remainder when 159 is divided by 10.
9
Calculate the remainder when 601 is divided by 9.
7
Calculate the remainder when 1129 is divided by 54.
49
Calculate the remainder when 1944 is divided by 59.
56
What is the remainder when 980 is divided by 60?
20
What is the remainder when 728 is divided by 49?
42
What is the remainder when 5207 is divided by 217?
216
What is the remainder when 1385 is divided by 48?
41
What is the remainder when 73 is divided by 31?
11
Calculate the remainder when 23374 is divided by 125.
124
What is the remainder when 490 is divided by 55?
50
Calculate the remainder when 244 is divided by 182.
62
Calculate the remainder when 1661 is divided by 1650.
11
What is the remainder when 11555 is divided by 27?
26
What is the remainder when 2025 is divided by 169?
166
Calculate the remainder when 1339 is divided by 67.
66
What is the remainder when 103 is divided by 53?
50
What is the remainder when 2407 is divided by 2393?
14
What is the remainder when 1220 is divided by 53?
1
Calculate the remainder when 155 is divided by 93.
62
What is the remainder when 33 is divided by 14?
5
Calculate the remainder when 3228 is divided by 10.
8
Calculate the remainder when 1076 is divided by 98.
96
Calculate the remainder when 46 is divided by 1.
0
What is the remainder when 306 is divided by 53?
41
What is the remainder when 366 is divided by 46?
44
What is the remainder when 24632 is divided by 23?
22
Calculate the remainder when 2422 is divided by 605.
2
What is the remainder when 9142 is divided by 4?
2
Calculate the remainder when 1100 is divided by 1077.
23
What is the remainder when 1404 is divided by 128?
124
Calculate the remainder when 1591 is divided by 27.
25
Calculate the remainder when 1279 is divided by 71.
1
What is the remainder when 39 is divided by 38?
1
What is the remainder when 192 is divided by 178?
14
Calculate the remainder when 4031 is divided by 21.
20
Calculate the remainder when 142 is divided by 36.
34
Calculate the remainder when 250 is divided by 50.
0
Calculate the remainder when 22921 is divided by 175.
171
Calculate the remainder when 675 is divided by 95.
10
What is the remainder when 3612 is divided by 71?
62
What is the remainder when 426 is divided by 341?
85
What is the remainder when 130 is divided by 44?
42
What is the remainder when 311 is divided by 7?
3
What is the remainder when 15247 is divided by 16?
15
Calculate the remainder when 3891 is divided by 355.
341
Calculate the remainder when 524 is divided by 50.
24
Calculate the remainder when 260 is divided by 22.
18
What is the remainder when 562 is divided by 21?
16
What is the remainder when 155 is divided by 52?
51
What is the remainder when 1221 is divided by 94?
93
Calculate the remainder when 2536 is divided by 43.
42
What is the remainder when 670 is divided by 366?
304
Calculate the remainder when 590 is divided by 241.
108
Calculate the remainder when 434 is divided by 148.
138
Calculate the remainder when 165 is divided by 42.
39
What is the remainder when 417 is divided by 91?
53
Calculate the remainder when 1713 is divided by 49.
47
What is the remainder when 97 is divided by 51?
46
Calculate the remainder when 1708 is divided by 85.
8
Calculate the remainder when 4215 is divided by 702.
3
Calculate the remainder when 1911 is divided by 80.
71
Calculate the remainder when 53 is divided by 13.
1
Calculate the remainder when 1452 is divided by 16.
12
Calculate the remainder when 209 is divided by 35.
34
What is the remainder when 265 is divided by 34?
27
Calculate the remainder when 23 is divided by 13.
10
What is the remainder when 167 is divided by 34?
31
What is the remainder when 2885 is divided by 39?
38
What is the remainder when 224 is divided by 111?
2
What is the remainder when 36 is divided by 10?
6
What is the remainder when 64 is divided by 25?
14
What is the remainder when 742 is divided by 12?
10
What is the remainder when 865 is divided by 30?
25
Calculate the remainder when 687 is divided by 82.
31
What is the remainder when 830 is divided by 18?
2
Calculate the remainder when 1354 is divided by 38.
24
What is the remainder when 296 is divided by 102?
92
What is the remainder when 11 is divided by 3?
2
What is the remainder when 272 is divided by 19?
6
Calculate the remainder when 29 is divided by 5.
4
What is the remainder when 778 is divided by 13?
11
What is the remainder when 271 is divided by 57?
43
Calcu